{"id":298,"date":"2021-03-24T10:32:56","date_gmt":"2021-03-24T09:32:56","guid":{"rendered":"https:\/\/www.safraniersdeprovence.fr\/?page_id=298"},"modified":"2021-10-02T19:30:50","modified_gmt":"2021-10-02T17:30:50","slug":"recettes","status":"publish","type":"page","link":"https:\/\/www.safraniersdeprovence.fr\/index.php\/recettes\/","title":{"rendered":"Recettes"},"content":{"rendered":"\n<p>Retrouvez dans cette rubrique les recettes test\u00e9es et valid\u00e9es par nos adh\u00e9rents.<\/p>\n\n\n\n<p>Autrement dit, celles qui mettent \u00e0 l&#8217;honneur notre safran de Provence !<\/p>\n","protected":false},"excerpt":{"rendered":"<p>Retrouvez dans cette rubrique les recettes test\u00e9es et valid\u00e9es par nos adh\u00e9rents. Autrement dit, celles qui mettent \u00e0 l&#8217;honneur notre safran de Provence !<\/p>\n","protected":false},"author":1,"featured_media":0,"parent":0,"menu_order":0,"comment_status":"closed","ping_status":"closed","template":"","meta":{"_exactmetrics_skip_tracking":false,"_exactmetrics_sitenote_active":false,"_exactmetrics_sitenote_note":"","_exactmetrics_sitenote_category":0,"footnotes":""},"class_list":["post-298","page","type-page","status-publish","hentry"],"aioseo_notices":[],"_links":{"self":[{"href":"https:\/\/www.safraniersdeprovence.fr\/index.php\/wp-json\/wp\/v2\/pages\/298","targetHints":{"allow":["GET"]}}],"collection":[{"href":"https:\/\/www.safraniersdeprovence.fr\/index.php\/wp-json\/wp\/v2\/pages"}],"about":[{"href":"https:\/\/www.safraniersdeprovence.fr\/index.php\/wp-json\/wp\/v2\/types\/page"}],"author":[{"embeddable":true,"href":"https:\/\/www.safraniersdeprovence.fr\/index.php\/wp-json\/wp\/v2\/users\/1"}],"replies":[{"embeddable":true,"href":"https:\/\/www.safraniersdeprovence.fr\/index.php\/wp-json\/wp\/v2\/comments?post=298"}],"version-history":[{"count":2,"href":"https:\/\/www.safraniersdeprovence.fr\/index.php\/wp-json\/wp\/v2\/pages\/298\/revisions"}],"predecessor-version":[{"id":328,"href":"https:\/\/www.safraniersdeprovence.fr\/index.php\/wp-json\/wp\/v2\/pages\/298\/revisions\/328"}],"wp:attachment":[{"href":"https:\/\/www.safraniersdeprovence.fr\/index.php\/wp-json\/wp\/v2\/media?parent=298"}],"curies":[{"name":"wp","href":"https:\/\/api.w.org\/{rel}","templated":true}]}}

<p>Retrouvez dans cette rubrique les recettes testées et validées par nos adhérents.</p>



<p>Autrement dit, celles qui mettent à l&#8217;honneur notre safran de Provence !</p>

<p>Retrouvez dans cette rubrique les recettes testées et validées par nos adhérents. Autrement dit, celles qui mettent à l&#8217;honneur notre safran de Provence !</p>
