{"id":345,"date":"2021-10-12T18:23:35","date_gmt":"2021-10-12T16:23:35","guid":{"rendered":"https:\/\/www.safraniersdeprovence.fr\/?page_id=345"},"modified":"2021-10-12T18:23:36","modified_gmt":"2021-10-12T16:23:36","slug":"carte-des-adherents","status":"publish","type":"page","link":"https:\/\/www.safraniersdeprovence.fr\/index.php\/carte-des-adherents\/","title":{"rendered":"Carte des adh\u00e9rents"},"content":{"rendered":"\n<p>Carte des Safraneraies ayant accept\u00e9es d&#8217;\u00eatre g\u00e9olocalis\u00e9es <\/p>\n\n\n\n<iframe loading=\"lazy\" src=\"https:\/\/www.google.com\/maps\/d\/u\/1\/embed?mid=1jCWAm55Y8ruXQCwjNfXOwRHaCUwUdO7i\" width=\"640\" height=\"480\"><\/iframe>\n","protected":false},"excerpt":{"rendered":"<p>Carte des Safraneraies ayant accept\u00e9es d&#8217;\u00eatre g\u00e9olocalis\u00e9es<\/p>\n","protected":false},"author":1,"featured_media":0,"parent":0,"menu_order":0,"comment_status":"open","ping_status":"closed","template":"","meta":{"_exactmetrics_skip_tracking":false,"_exactmetrics_sitenote_active":false,"_exactmetrics_sitenote_note":"","_exactmetrics_sitenote_category":0,"footnotes":""},"class_list":["post-345","page","type-page","status-publish","hentry"],"aioseo_notices":[],"_links":{"self":[{"href":"https:\/\/www.safraniersdeprovence.fr\/index.php\/wp-json\/wp\/v2\/pages\/345","targetHints":{"allow":["GET"]}}],"collection":[{"href":"https:\/\/www.safraniersdeprovence.fr\/index.php\/wp-json\/wp\/v2\/pages"}],"about":[{"href":"https:\/\/www.safraniersdeprovence.fr\/index.php\/wp-json\/wp\/v2\/types\/page"}],"author":[{"embeddable":true,"href":"https:\/\/www.safraniersdeprovence.fr\/index.php\/wp-json\/wp\/v2\/users\/1"}],"replies":[{"embeddable":true,"href":"https:\/\/www.safraniersdeprovence.fr\/index.php\/wp-json\/wp\/v2\/comments?post=345"}],"version-history":[{"count":3,"href":"https:\/\/www.safraniersdeprovence.fr\/index.php\/wp-json\/wp\/v2\/pages\/345\/revisions"}],"predecessor-version":[{"id":348,"href":"https:\/\/www.safraniersdeprovence.fr\/index.php\/wp-json\/wp\/v2\/pages\/345\/revisions\/348"}],"wp:attachment":[{"href":"https:\/\/www.safraniersdeprovence.fr\/index.php\/wp-json\/wp\/v2\/media?parent=345"}],"curies":[{"name":"wp","href":"https:\/\/api.w.org\/{rel}","templated":true}]}}

Carte des adhérents

<p>Carte des Safraneraies ayant acceptées d&#8217;être géolocalisées </p>



<iframe loading="lazy" src="https://www.google.com/maps/d/u/1/embed?mid=1jCWAm55Y8ruXQCwjNfXOwRHaCUwUdO7i" width="640" height="480"></iframe>

<p>Carte des Safraneraies ayant acceptées d&#8217;être géolocalisées</p>
