{"id":8,"date":"2018-02-21T17:22:26","date_gmt":"2018-02-21T16:22:26","guid":{"rendered":"http:\/\/www.safraniersdeprovence.fr\/?page_id=8"},"modified":"2018-02-21T23:39:07","modified_gmt":"2018-02-21T22:39:07","slug":"about","status":"publish","type":"page","link":"https:\/\/www.safraniersdeprovence.fr\/index.php\/about\/","title":{"rendered":"Qui  sommes nous ?"},"content":{"rendered":"<p>L&#8217;association SAFRAN PROVENCE est une association \u00e0 but non lucratif constitu\u00e9e en 2006. Son objectif est de relancer et d\u00e9velopper la culture de safran en Provence. L&#8217;association SAFRAN PROVENCE soutient les producteurs dans leur travail quotidien, promeut le Safran de Provence et aide \u00e0 sa commercialisation.<\/p>\n","protected":false},"excerpt":{"rendered":"<p>L&#8217;association SAFRAN PROVENCE est une association \u00e0 but non lucratif constitu\u00e9e en 2006. Son objectif est de relancer et d\u00e9velopper la culture de safran en Provence. L&#8217;association SAFRAN PROVENCE soutient les producteurs dans leur travail quotidien, promeut le Safran de Provence et aide \u00e0 sa commercialisation.<\/p>\n","protected":false},"author":1,"featured_media":0,"parent":0,"menu_order":0,"comment_status":"closed","ping_status":"closed","template":"","meta":{"_exactmetrics_skip_tracking":false,"_exactmetrics_sitenote_active":false,"_exactmetrics_sitenote_note":"","_exactmetrics_sitenote_category":0,"footnotes":""},"class_list":["post-8","page","type-page","status-publish","hentry"],"aioseo_notices":[],"_links":{"self":[{"href":"https:\/\/www.safraniersdeprovence.fr\/index.php\/wp-json\/wp\/v2\/pages\/8","targetHints":{"allow":["GET"]}}],"collection":[{"href":"https:\/\/www.safraniersdeprovence.fr\/index.php\/wp-json\/wp\/v2\/pages"}],"about":[{"href":"https:\/\/www.safraniersdeprovence.fr\/index.php\/wp-json\/wp\/v2\/types\/page"}],"author":[{"embeddable":true,"href":"https:\/\/www.safraniersdeprovence.fr\/index.php\/wp-json\/wp\/v2\/users\/1"}],"replies":[{"embeddable":true,"href":"https:\/\/www.safraniersdeprovence.fr\/index.php\/wp-json\/wp\/v2\/comments?post=8"}],"version-history":[{"count":4,"href":"https:\/\/www.safraniersdeprovence.fr\/index.php\/wp-json\/wp\/v2\/pages\/8\/revisions"}],"predecessor-version":[{"id":41,"href":"https:\/\/www.safraniersdeprovence.fr\/index.php\/wp-json\/wp\/v2\/pages\/8\/revisions\/41"}],"wp:attachment":[{"href":"https:\/\/www.safraniersdeprovence.fr\/index.php\/wp-json\/wp\/v2\/media?parent=8"}],"curies":[{"name":"wp","href":"https:\/\/api.w.org\/{rel}","templated":true}]}}

<p>L&#8217;association SAFRAN PROVENCE est une association à but non lucratif constituée en 2006. Son objectif est de relancer et développer la culture de safran en Provence. L&#8217;association SAFRAN PROVENCE soutient les producteurs dans leur travail quotidien, promeut le Safran de Provence et aide à sa commercialisation.</p>
